 (-231)/9)/((-2)/24). Let c = g + -230. What is the units digit of c?
0
Let i = -43 + 41. Let n(x) = -150*x + 24 + 144*x - 74*x. What is the units digit of n(i)?
4
Suppose -8*i + 32 = 16. What is the units digit of (32/48)/(i/1971)?
7
Suppose 0*x = -4*x + 4*w + 12832, 0 = x - 4*w - 3202. Let k = x + -1671. What is the tens digit of 1/(-2) - k/(-18)?
8
Let u = -10762 + 18520. What is the units digit of u?
8
Suppose 3760 = -20*s + 16320. What is the units digit of s?
8
Let a(g) = -g**2 - 5*g - 296. Let t be a(0). Let y = 562 + t. What is the hundreds digit of y?
2
Let f be (-12)/(-18)*(0 - -3). Suppose 7*w - 3*w = -3*l + 1256, -2084 = -5*l - f*w. What is the tens digit of l?
1
Suppose 10*p = p + 36. Suppose r + 2866 = 3*r + p*y, -5*r = -y - 7110. Suppose r = 7*v + 310. What is the tens digit of v?
5
What is the thousands digit of -5 - ((-12)/(-162) + (-5940676)/378)?
5
Let m(x) = 329*x**2 + 85*x + 426. What is the thousands digit of m(-10)?
2
Suppose 3*h - 17710 = -4*j, -58*j + 61*j - 23597 = -4*h. What is the units digit of h?
4
Let x(a) = -4*a - 70. Let d be x(-27). Let f(b) = 5 + b**2 + 19*b - d*b + 14*b + 3*b**2. What is the tens digit of f(5)?
8
Let v(q) = -8 - 34*q - 22 - 5 + 15. Let l be v(-11). Suppose 0*b = 3*b + 2*n - 333, -5*n = -3*b + l. What is the units digit of b?
3
Suppose -12 + 22 = 5*h. Suppose 0 = 5*d - 0*x + h*x - 3637, -2*d = 5*x - 1459. What is the units digit of d?
7
Suppose -4*z - m + 21 = 0, -2*m + 0 = -2*z - 2. Suppose -j = -z*j + 201. Suppose x + 44 = -0*k + k, 0 = -2*k - 5*x + j. What is the units digit of k?
1
Let b(u) = 6*u**2 + 7*u - 14. Let t(k) = k**3 - k**2 - 5*k - 3. Let n be t(-2). What is the hundreds digit of b(n)?
1
Let g = 44816 + -29455. What is the thousands digit of g?
5
Let y be -12 + 16 + 2/1. What is the hundreds digit of (2514/y - 4)/1?
4
Suppose -d - 70305 = -39*l + 34*l, 3*l + 3*d - 42183 = 0. What is the thousands digit of l?
4
What is the ten thousands digit of (1 + -130)*((-1808)/6 + -11)?
4
Suppose -3*i - 2*q - 10 = 0, -5*i - q + 18 = 23. Suppose -5*r - w - 2*w + 4419 = i, 4427 = 5*r - w. What is the tens digit of r?
8
Let x(t) be the second derivative of -3*t**5/10 - t**4/6 + 4*t**3/3 - 8*t. Let y be x(-4). Let z = y - 137. What is the tens digit of z?
8
Suppose 245*u - 426442 - 5718893 = 0. What is the tens digit of u?
8
Suppose o = -0*o + n + 18537, o - 2*n - 18544 = 0. What is the thousands digit of o?
8
Suppose -3*p - 25*u + 73351 = -20*u, -4*u = -32. What is the ten thousands digit of p?
2
Suppose -5*o = -30*o + 225. Suppose o = 3*x, -8*d + 6404 = -3*d - 2*x. What is the units digit of d?
2
Suppose 5*z - 12170 = -4*c, -2*c + 6746 - 652 = -2*z. Suppose 14*o - 21*o + c = 0. What is the hundreds digit of o?
4
Suppose -7*a + 13*a = -3996. Let b = a + 936. Suppose 9*k - 891 = -b. What is the tens digit of k?
6
Suppose -4*j + 76 + 24 = 0. Suppose 20*g - 5*o = j*g - 2450, 3*g - 5*o - 1478 = 0. What is the hundreds digit of g?
4
Let d = 13 + -15. Let g be 0*4/(-6)*3/d. Suppose -j + 3*t + 2*t + 46 = g, 0 = j + 4*t - 55. What is the units digit of j?
1
Let j = 73517 + -34637. Suppose 26*a = 21*a + j. What is the hundreds digit of 2/14 - a/(-56)?
1
Suppose 26*v = 72*v + 33*v - 250983. What is the tens digit of v?
7
What is the units digit of (37596 + -46 + 27)/(1/2*2)?
7
What is the hundreds digit of ((-4)/(-22) + 6216/(-66))/((-1)/97)?
1
Suppose -17*n - 144 = -14*n. Let t be (14 - -1)*(-4 - n/15). Let a(j) = 3*j**2 + 28*j + 12. What is the tens digit of a(t)?
0
Let o be (-9)/(15/(-5)) + 36. Let b be ((-6)/4)/(o/(-104)). Suppose 4*w - 163 = 5*j + 46, -w + 44 = -b*j. What is the units digit of w?
6
What is the tens digit of (171/(-38) + 33742/4)*3?
9
Suppose -4*d - 4 = -4*a, d = a + 2*a - 11. Suppose 2*l + 10 = d*l. Suppose -r = -l*r + 92. What is the units digit of r?
3
Suppose 4 = -x + 6. Suppose -6*a = -x*a - 5724. Suppose -5*o = -14*o + a. What is the units digit of o?
9
Let o be -2 + 0 - 1 - (-24)/8. Suppose -4*j + q + 370 = -137, 2*j - 243 = -3*q. Let t = o + j. What is the tens digit of t?
2
What is the hundreds digit of (-10 + 11)/((-7)/(-32683))?
6
Suppose 10*x + 18*x + 5*x = 625020. What is the tens digit of x?
4
What is the hundreds digit of 749/105 - (-12)/(-90) - 29688/(-2)?
8
Let f(o) = 3*o**3 + o**2 - o + 7. Suppose -8*d = -6*d. Let g = d - -3. What is the units digit of f(g)?
4
Let o be ((-3)/27*-3)/(1/6). Suppose o*w + 1410 = -0*q + 3*q, -4*q + 5*w + 1887 = 0. Suppose q = 8*y + y. What is the units digit of y?
2
What is the tens digit of (-19650 - -5)*(-35 + 34)?
4
Let s be -6 + 92 + (-3 - -3). Let t = s + 624. What is the hundreds digit of t?
7
Let i(b) = -b**2 + 23*b - 33. Let m = -50 + 50. Suppose n - 6 - 2 = m. What is the tens digit of i(n)?
8
Let u = 25292 - 24484. Let t(g) = g**3 - 3*g**2 + 2*g - 2. Let o be t(3). Suppose o*j - 8*j = -u. What is the tens digit of j?
0
Let j be 154/(-3) - (-3 + (-24)/(-9)). Let r = j - -18. Let g = r + 37. What is the units digit of g?
4
Suppose 205*u = 207*u + 72. What is the tens digit of (u - -2)/((-2)/3)?
5
Let p be (-9)/(108/16)*(-3)/2. Suppose -p*j - 712 = -3*w + 210, 4*w = 4*j + 1228. What is the units digit of w?
8
Let q = 7 + 45. What is the hundreds digit of 1751/3 - q/78 - -3?
5
Let n(s) = -1389*s - 55. Let f be n(-5). Suppose 92*u - 87*u - 5*d = f, -25 = 5*d. What is the units digit of u?
3
Suppose 28 = 2*h + 4*x, -2*x - 6 + 28 = 3*h. What is the hundreds digit of -1 + 908 + 5 + h?
9
What is the ten thousands digit of 24435 + (((-105)/28)/(-5))/((-1)/(-4))?
2
Let i(h) = 22*h**2 + 79*h - 610. What is the units digit of i(28)?
0
Let x be 3/(-21) + (-57)/(-7). Suppose 0 = 4*z - x*z + 432. Let i = z + -14. What is the tens digit of i?
9
Let n(r) = 3339*r + 449. What is the tens digit of n(5)?
4
Let b = 223 + -225. Let u(g) = -158*g + 6. What is the hundreds digit of u(b)?
3
Let g(o) = -4*o**3 - 3*o**2 - 46*o + 130. What is the thousands digit of g(-15)?
3
Suppose -189 = y + 137. Let n be -133 + 0*(-1)/3. Let z = n - y. What is the units digit of z?
3
Let o be ((-9)/(-3))/((-6)/(-28)). Let q be 116/o + (32/28)/(-4). Suppose -q*d + 382 = 86. What is the tens digit of d?
3
Suppose -4*u = 4*x - 332, -5*x + 304 = 3*u - 111. Suppose 35*k = 32*k + h + 472, 0 = -k + h + 158. Let j = k - x. What is the units digit of j?
4
Suppose s - s - 5*s = 0. Suppose -2*n - n = s. Suppose -t - 14 + 94 = n. What is the units digit of t?
0
Suppose -4*s - 3*w + 6042 = 0, -9258 = -4*s + 5*w - 3168. What is the hundreds digit of s?
5
Let p = 314 + -123. Let s = p - -20. What is the units digit of s?
1
Suppose 2*s + 56860 = -4*h + 8*h, -4*s = -5*h + 71081. Suppose h = 34*o - 27709. What is the units digit of o?
3
Suppose 0 = -x - 3*r - 116, -4*x - 2*r - 301 = 133. Let k = x - -239. What is the tens digit of k?
3
Let w = 129 - 126. Suppose -8*j + 249 = -3*j + o, 253 = 5*j - w*o. What is the units digit of j?
0
Suppose 4*x = -u + 28, -5*u + 49 = -2*u + 5*x. Suppose 4*w + u*w - 24 = 0. Suppose 237 = 2*v + h, 0*v + w*h = v - 121. What is the tens digit of v?
1
Let k(n) = -20*n - 38. Suppose 2*b - 2 = -3*c, -b - 3 = -c + 6. Let g(o) = 10*o + 18. Let f(s) = b*g(s) - 2*k(s). What is the hundreds digit of f(-12)?
1
Let u be 12/(-126)*-7 + 1/3. Let b be (u - 0 - 2)*-3 - 3. Suppose 3*y - y - 238 = b. What is the tens digit of y?
1
Suppose 0 = 3*l - 15, 4090 = 5*c + 3*l - 8*l. Suppose 4*q = -5*g + c, 2*q = q + 3*g + 210. What is the hundreds digit of q?
2
Suppose 339*p + 204096 = 193*p + 170*p. What is the tens digit of p?
0
Let y(b) = -b**2 - 2*b + 15. Let i be y(0). Let f be ((-465)/(-2))/i*(0 + 6). What is the tens digit of 3 + 9/(-3) + f?
9
Suppose -9 = -p - 4. Suppose -z + 3*v + 32 = 0, 60 = 9*z - 4*z + p*v. Let t = z - 5. What is the units digit of t?
2
What is the hundreds digit of ((-56148)/(-10))/(111/925)?
7
Let d be (70/42)/(10/12). Suppose d*i - 49 = -2*s + 39, -2*s + i = -76. What is the units digit of s?
0
Let p be (-112)/(-6) - (32/12 + -2). Suppose -2*s + 5*n - 43 = 0, 4*s - 59 = -2*n - 157. What is the tens digit of (-1204)/s - (-3 - (-57)/p)?
5
What is the units digit of (12/36)/(1/19608)?
6
Suppose -94853 - 1300930 = -22*k + 245615. What is the tens digit of k?
0
Suppose -6938 - 2292 = -5*w - 5*d, 2*w = d + 3683. Suppose -13*u = -w - 510. What is the